a multiple of 3?
False
Is 406 a multiple of 14?
True
Does 40 divide 1520?
True
Does 13 divide 944?
False
Does 35 divide 1827?
False
Is 224 a multiple of 3?
False
Is 7633 even?
False
Is 99645 a multiple of 105?
True
Is 61 a factor of 1264?
False
Is 1013 a multiple of 2?
False
Is 33719 a multiple of 87?
False
Does 23 divide 207?
True
Is 34 a factor of 260?
False
Is 1058 a multiple of 46?
True
Does 175 divide 700?
True
Is 155 a factor of 24800?
True
Is 9673 a multiple of 200?
False
Is 5977 a multiple of 139?
True
Does 106 divide 580?
False
Is 31410 a multiple of 5?
True
Does 15 divide 10155?
True
Is 12845 a multiple of 35?
True
Is 2 a factor of 4167?
False
Does 398 divide 18038?
False
Does 6 divide 50?
False
Is 96707 a multiple of 98?
False
Is 12 a factor of 13?
False
Is 35489 a multiple of 54?
False
Does 22 divide 6932?
False
Does 396 divide 95040?
True
Is 11 a factor of 69?
False
Is 588 a multiple of 6?
True
Is 12314 a multiple of 47?
True
Does 24 divide 528?
True
Is 7623 a multiple of 11?
True
Does 15 divide 135?
True
Is 5064 a multiple of 12?
True
Is 4410 a multiple of 42?
True
Is 7 a factor of 6881?
True
Does 13 divide 37740?
False
Is 75999 a multiple of 49?
True
Is 5076 a multiple of 12?
True
Is 15939 a multiple of 23?
True
Is 17 a factor of 1531?
False
Is 13 a factor of 245?
False
Is 93 a factor of 5615?
False
Is 107 a factor of 4280?
True
Is 611 a multiple of 13?
True
Is 29725 a multiple of 10?
False
Is 73 a factor of 13724?
True
Is 32 a factor of 3584?
True
Is 22040 a multiple of 232?
True
Is 79857 a multiple of 57?
True
Is 774 a multiple of 13?
False
Is 12029 a multiple of 142?
False
Is 320 even?
True
Does 19 divide 133?
True
Is 38003 a multiple of 75?
False
Is 5 a multiple of 4?
False
Does 8 divide 14600?
True
Does 13 divide 1238?
False
Is 156 a multiple of 26?
True
Is 42 a factor of 1218?
True
Does 5 divide 16871?
False
Is 1204 a multiple of 14?
True
Does 5 divide 615?
True
Does 33 divide 4608?
False
Does 19 divide 20439?
False
Is 16524 a multiple of 14?
False
Is 12021 a multiple of 6?
False
Does 107 divide 1198?
False
Does 48 divide 576?
True
Is 50 a factor of 9650?
True
Is 13 a factor of 8177?
True
Does 22 divide 3278?
True
Is 134 a factor of 55378?
False
Does 8 divide 1480?
True
Is 24 a factor of 8232?
True
Does 13 divide 2408?
False
Is 9 a factor of 261?
True
Does 135 divide 1413?
False
Is 1485 a multiple of 16?
False
Does 12 divide 5532?
True
Is 273 a multiple of 18?
False
Is 59 a factor of 21019?
False
Does 37 divide 666?
True
Is 1908 a multiple of 64?
False
Is 12 a factor of 497?
False
Does 76 divide 1292?
True
Does 8 divide 70?
False
Does 17 divide 1134?
False
Does 15 divide 29115?
True
Is 7309 a multiple of 22?
False
Is 40 a factor of 1960?
True
Is 46636 a multiple of 131?
True
Does 16 divide 12361?
False
Is 2820 a multiple of 46?
False
Is 208 a multiple of 3?
False
Is 23 a factor of 6739?
True
Is 134 a factor of 92297?
False
Is 8 a factor of 5326?
False
Does 61 divide 5246?
True
Is 10 a factor of 4030?
True
Does 19 divide 1033?
False
Is 787 a multiple of 7?
False
Is 17 a factor of 8857?
True
Is 59808 a multiple of 17?
False
Does 65 divide 2900?
False
Is 18 a factor of 13718?
False
Is 69096 a multiple of 6?
True
Is 8 a factor of 6568?
True
Is 235 a multiple of 7?
False
Does 16 divide 2992?
True
Is 51460 a multiple of 10?
True
Is 79 a multiple of 24?
False
Is 211 a factor of 26110?
False
Is 1367 a multiple of 2?
False
Is 17841 a multiple of 263?
False
Does 14 divide 140?
True
Is 124 a factor of 3720?
True
Does 7 divide 980?
True
Is 62369 a multiple of 12?
False
Is 82 a factor of 16053?
False
Is 7 a factor of 4165?
True
Does 5 divide 551?
False
Is 28 a factor of 64733?
False
Does 46 divide 69?
False
Is 15 a factor of 136530?
True
Is 499 a multiple of 18?
False
Is 4 a factor of 292?
True
Does 41 divide 814?
False
Is 1252 a multiple of 4?
True
Does 27 divide 702?
True
Is 28 a factor of 1489?
False
Is 49 a factor of 52871?
True
Does 6 divide 45?
False
Is 1173 a multiple of 11?
False
Is 36822 a multiple of 17?
True
Is 1130 a multiple of 17?
False
Is 13328 a multiple of 28?
True
Does 3 divide 155?
False
Is 7625 a multiple of 15?
False
Does 12 divide 893?
False
Does 17 divide 943?
False
Is 41065 a multiple of 9?
False
Is 15 a factor of 480?
True
Does 45 divide 28170?
True
Is 9 a factor of 184?
False
Is 20 a factor of 1580?
True
Does 24 divide 962?
False
Is 1634 a multiple of 8?
False
Does 46 divide 4803?
False
Is 15 a factor of 435?
True
Does 3 divide 1014?
True
Is 25 a factor of 775?
True
Does 8 divide 1200?
True
Is 23 a factor of 427?
False
Is 43 a factor of 3354?
True
Is 242 a factor of 62118?
False
Is 759 a multiple of 3?
True
Does 9 divide 126?
True
Is 491 a multiple of 4?
False
Does 63 divide 812?
False
Does 19 divide 646?
True
Does 20 divide 102800?
True
Does 146 divide 1898?
True
Is 120 a multiple of 3?
True
Is 55 a factor of 535?
False
Does 30 divide 420?
True
Is 4928 a multiple of 112?
True
Is 14 a factor of 69?
False
Is 2 a factor of 4186?
True
Does 17 divide 1245?
False
Does 6 divide 220?
False
Is 21 a factor of 546?
True
Is 131 a factor of 11397?
True
Does 104 divide 3952?
True
Does 32 divide 807?
False
Does 70 divide 5390?
True
Does 8 divide 108?
False
Does 56 divide 651?
False
Does 20 divide 8226?
False
Is 7105 a multiple of 29?
True
Is 99116 a multiple of 257?
False
Is 1500 a multiple of 60?
True
Does 12 divide 45581?
False
Is 90 a factor of 1713?
False
Is 180885 a multiple of 31?
True
Is 5022 a multiple of 9?
True
Is 695 a multiple of 25?
False
Is 9 a factor of 12195?
True
Does 420 divide 40167?
False
Is 40391 a multiple of 13?
True
Does 7 divide 5709?
False
Is 620 a multiple of 43?
False
Is 1221 a multiple of 21?
False
Is 16933 a multiple of 2?
False
Is 780 a multiple of 39?
True
Does 49 divide 7151?
False
Is 1911 a multiple of 49?
True
Does 15 divide 38160?
True
Is 209 a factor of 1626?
False
Does 68 divide 891?
False
Is 18720 a multiple of 156?
True
Does 18 divide 1243?
False
Is 30 a factor of 2100?
True
Is 5 a factor of 223?
False
Is 17 a factor of 88889?
False
Is 15710 a multiple of 12?
False
Is 665 a multiple of 6?
False
Does 20 divide 460?
True
Does 81 divide 4941?
True
Does 3 divide 5581?
False
Is 28 a factor of 23011?
False
Is 25 a factor of 350?
True
Is 27150 a multiple of 75?
True
Is 2673 a multiple of 11?
True
Is 2220 a multiple of 60?
True
Does 4 divide 787?
False
Is 2231 a multiple of 64?
False
Does 13 divide 6510?
False
Does 31 divide 190?
False
Is 213 a factor of 14559?
False
Does 10 divide 160?
True
Is 39 a factor of 7021?
False
Is 40 a factor of 1272?
False
Is 19 a factor of 627?
True
Is 194 a factor of 98358?
True
Does 224 divide 13367?
False
Is 16 a factor of 11402?
False
Is 1272 a multiple of 24?
True
Does 261 divide 45163?
False
Does 23 divide 1247?
False
Is 1671 a multiple of 40?
False
Does 15 divide 100?
False
Is 13 a factor of 1813?
False
Does 111 divide 4218?
True
Is 11 a factor of 25498?
True
Is 4495 a multiple of 121?
False
Is 164 a multiple of 3?
False
Does 15 divide 38190?
True
Does 8 divide 31976?
True
Is 40 a factor of 275?
False
Is 2 a factor of 147?
False
Is 2170 a multiple of 10?
True
Is 45846 a multiple of 54?
True
Is 904 a multiple of 12?
False
Is 1056 a multiple of 96?
True
Is 3567 a multiple of 41?
True
Is 32 a factor of 2024?
False
Does 7 divide 457?
False
Is 10 a factor of 124805?
False
Is 26 a factor of 390?
True
Is 1609 a multiple of 17?
False
Does 8 divide 58967?
False
Is 3 a factor of 7519?
False
Is 473 a multiple of 23?
False
Is 50 a factor of 950?
True
Is 1484 a multiple of 14?
True
Is 4 a factor of 163?
False
Is 2 a factor of 4774?
True
Is 160 a factor of 194073?
False
Is 26410 a multiple of 190?
True
Is 56387 a multiple of 31?
False
Is 7 a factor of 3682?
True
Is 5 a factor of 3442?
False
Does 130 divide 8450?
True
Is 21 a factor of 538?
False
Does 5 divide 173?
False
Is 16 a factor of 11590?
False
Does 14 divide 5474?
True
Is 7667 a multiple of 34?
False
Does 207 divide 14904?
True
Is 18769 a multiple of 137?
True
Is 24 even?
True
Is 24 a factor of 36624?
True
Does 26 divide 2002?
True
Does 11 divide 2607?
True
Does 43 divide 5980?
False
Is 5182 a multiple of 6?
False
Is 7 a factor of 9093?
True
Is 12 a factor of 1717?
False
Is 6380 a multiple of 13?
False
Does 4